 9. Let b be (j/(-12))/((-2)/12). Suppose 16 - 58 = -b*u. Is u prime?
False
Let f(h) = -4*h**3 - 1. Let d be f(-1). Suppose b + 4*b - w = 577, 0 = -b + d*w + 121. Is b composite?
True
Let x(h) be the first derivative of -h**4 - 2*h**3/3 + 3*h**2/2 + 3*h - 3. Is x(-2) a composite number?
True
Let w(k) = 2*k**2 - 4*k + 2. Let p be w(2). Suppose -p*y = 2*r - 166, -5*r + 312 = -r - y. Is r prime?
True
Is (6 - -1)*844/4 composite?
True
Suppose -4*b + 4*a + 137 = 5*a, b + 3*a = 26. Let g = 86 - b. Is g a prime number?
False
Let j = 348 + -34. Is j composite?
True
Let q = 27 + 158. Is q composite?
True
Suppose -131 - 32 = -r. Is r a composite number?
False
Suppose a + 5*f = 103, -2*a - 2*f - 28 = -234. Suppose -a - 19 = -2*p. Let w = -23 + p. Is w a composite number?
True
Suppose -15*s + 1235 = -1630. Is s composite?
False
Let c(l) be the first derivative of 2 - 3*l**2 + 10*l**2 + 7*l - 1 + 1. Is c(8) prime?
False
Suppose -3*h - 1 = 5. Let o(z) = -9*z**3 - 2*z**2 - 4*z - 1. Let q(p) = p**3 + p + 1. Let j(n) = o(n) + 2*q(n). Is j(h) a composite number?
False
Let t = 4 - -4. Suppose t = d + d. Let x = d + 7. Is x a prime number?
True
Let w = 555 - 218. Is w a composite number?
False
Let g be ((1 - -336)*-1)/(-1). Suppose 2*m - 5*w = 128, -g = -5*m + 7*w - 3*w. Is m composite?
True
Suppose -2 + 5 = c. Suppose 11 = -w - 5*o, 29 = 5*w - 0*o - c*o. Suppose -w*q + 111 = -q. Is q a prime number?
True
Suppose -39 = -4*w + 3*w. Suppose -2*k - 3*u + 8*u = -w, u = -5. Is k a composite number?
False
Let h = 10 - 6. Suppose 2 = -h*m + 294. Suppose -m = -5*w - 2*f, 0*f = w - 4*f + 3. Is w a composite number?
False
Let j be (-6*1)/((-5)/60). Suppose -3*l = -6*i + 3*i + 84, 4*i - j = -4*l. Is i a prime number?
True
Suppose -r = 4*x - 6241, -3*r - 6211 = -4*x + 2*r. Is x a prime number?
True
Let w = -2080 + 2949. Is w composite?
True
Let f(s) = -s + 2. Let c be f(1). Is (c + 2)*298/6 a composite number?
False
Suppose n + 17 = -5*r, 0*n - 20 = -4*n + 2*r. Is n + (79 - -1) + 2 composite?
True
Suppose 5*v + 13 + 7 = 0. Let w(y) = y**3 + 7*y**2 + 3*y + 1. Let m be w(v). Let p = -15 + m. Is p a prime number?
False
Suppose -4*z = -2*y - 4, 1 = -5*y - z + 2*z. Is y + (87 - (0 - 0)) composite?
True
Let a(p) = -27*p + 5. Is a(-2) a prime number?
True
Let i = 134 - -20. Let p = i + -105. Is p prime?
False
Suppose 4*o + 2*s + 24 = 0, -1 = -s + 1. Let j(w) = -8*w + 3. Is j(o) a composite number?
False
Let z(r) = r**2 - r + 11. Is z(12) a composite number?
True
Let g = 10 + 47. Is g a composite number?
True
Let t(u) = 5*u**2 + 6*u - 5. Is t(6) a composite number?
False
Suppose 2*o = 5*i + 31, i = 4*o - 22 + 5. Suppose 123 = -2*j + 6*j + 3*g, o*g = j - 42. Is j a prime number?
False
Suppose 2*t - 17 - 3 = 0. Let i = -7 + t. Is (i/(-3))/(1/(-2)) prime?
True
Suppose 2*t + 0*t = 2*o - 10, 5*t + o + 49 = 0. Is (-43)/(-3) - 6/t a composite number?
True
Let n be 7 + -2 - (0 + 0). Suppose -5*x + 426 = -3*x + 4*o, n*x + 2*o = 1097. Is x prime?
False
Suppose 0 = 4*m - 20, 6*o = o + 5*m + 10470. Is o a prime number?
True
Let x(r) = -r**3 - 4*r**2 - 2*r + 14. Is x(-13) prime?
False
Let g(q) = -9*q + 4. Let b be g(-4). Suppose s + j = -3*s + b, 5*s + 3*j - 43 = 0. Is s a prime number?
True
Let i be (1 + 0)/((-1)/(-2)). Let x(o) = 4*o + 2. Let l be x(i). Is 186/l + (-14)/(-35) a prime number?
True
Suppose 1 = 2*r - 109. Suppose -r + 2 = -i. Is i composite?
False
Suppose -5*j + b + 4 = -2*j, 3*b = 3*j. Suppose -6*h = -j*h - 436. Is h a composite number?
False
Suppose v + 4 + 1 = 0, z - 3*v = 268. Is z composite?
True
Let u be (-10)/25 + (-54)/(-10). Suppose 3*d - 5*i = -2*d + 165, -u*i = -3*d + 95. Is d a composite number?
True
Let b = 0 - 0. Suppose 0 = 3*y - 9 - b. Suppose 0 = -3*z - h + 197, 91 + 130 = y*z - 5*h. Is z a prime number?
True
Suppose 5*w - 2675 = -5*c - 585, -2*c - 1239 = -3*w. Is w a composite number?
True
Suppose -34 = 3*l - 112. Suppose 0 = 3*p + l - 11. Let q = 94 + p. Is q a composite number?
False
Suppose 4*s - 137 - 1823 = 3*w, 0 = 4*s - 5*w - 1968. Is s composite?
False
Let s be (-1 - 6/(-2)) + 25. Let y = s + -8. Suppose -3*u = -2*a - 93, -y = 2*u + 4*a - 81. Is u prime?
True
Suppose -56 - 230 = -2*y. Is y a prime number?
False
Let h = 46 + -26. Is 15/6*296/h a prime number?
True
Suppose -170 = -2*r - 0*r. Is r a composite number?
True
Let r = 551 + -292. Is r prime?
False
Is -5 - -4 - 6480/(-3 + 0) prime?
False
Let j = 22 + 211. Is j composite?
False
Let p(q) = -2*q**2 + 3*q - 1. Let x be p(3). Let l = 48 + x. Suppose 0 = n - l + 3. Is n composite?
True
Suppose 3*y + 2*w - 1 = 1, 4*y - 1 = -3*w. Suppose 6*t = t - 2*c - 30, -y*t + 3*c - 1 = 0. Is (42/8)/(t/(-16)) prime?
False
Suppose 7*t - 129 = 130. Is t composite?
False
Let x(c) = 29*c**3 + 3*c**2 - 5 - c + 3 + 0. Let g be x(2). Suppose -3*m + g = -105. Is m prime?
False
Let p = 248 - 107. Is p a composite number?
True
Suppose 0 = -2*f - 2, p - 2*f = 6*p - 398. Let j = p + -25. Is j a prime number?
False
Suppose 2*o - 6*o - 476 = 0. Suppose -4*g = -2*s + 81 - 469, 0 = -5*s + 3*g - 942. Let d = o - s. Is d composite?
False
Suppose 2*n + 5*g + 40 = 147, 2*n = g + 89. Is (0 - n)*2/(-4) a composite number?
False
Let m(u) = 415*u**2 - 5*u + 7. Is m(2) prime?
True
Let h be 0 + 1 - (0 - -1). Suppose -5*y - 3*g + 181 = h, y + g - 4*g = 47. Is y a composite number?
True
Let i = -1 - -143. Is i prime?
False
Suppose -3*q = -2*u - 14, -q - 3*u + 17 = -6. Suppose -q*n = -i - 4*n + 1075, 3*i - 3140 = -5*n. Is i a composite number?
True
Let j(v) = -3*v + 5. Let i(m) = -4*m**2 + 3*m. Suppose -1 = 4*f - 3*u, -5*f + 4 = -4*u + 6. Let r be i(f). Is j(r) prime?
False
Let w be (5/15)/((-2)/(-12)). Suppose c + 8 = w*h, -2*c - 8 = -2*h + 4. Suppose -3*u - h*u = -115. Is u a composite number?
False
Suppose -k + 74 = k. Let o = k + 94. Suppose o = 5*m - 4*x - 188, 2*m + 3*x - 146 = 0. Is m prime?
True
Suppose 0 = -4*u - r + 19, 5*u + 2*r - 20 = -0*u. Is ((-166)/4)/((-3)/u) a prime number?
True
Let f(k) = -k + 43. Let n(h) = h**3 - 2*h**2 - 2*h - 3. Let o = 0 - -3. Let z be n(o). Is f(z) composite?
False
Let d = 4520 - 2023. Is d a prime number?
False
Let i be 1 + 3 + -2 + -2. Let f be (10/6 - i)*39. Suppose -2*k + 3 + f = 2*x, -4*k = -3*x - 136. Is k composite?
True
Suppose -l - 5*b = -88, -l + 2*l - 98 = -3*b. Is l prime?
True
Let o(u) = -19*u + 19. Is o(-6) a prime number?
False
Suppose -4*w - 6 = -w, 2*x - 4*w = -16. Let i be (-2 - -6)*9/x. Let k(l) = 3*l**2 + l - 1. Is k(i) a prime number?
True
Let j(d) = -5*d + 11. Let v be j(9). Let z = 125 + v. Is z a prime number?
False
Suppose t + 808 = 5*t. Let x = -88 + 207. Let c = t - x. Is c prime?
True
Let y(z) = -z**2 + 18*z + 8. Is y(9) a composite number?
False
Suppose 491 = 5*t - 764. Is t a composite number?
False
Let j be ((-2)/3 + 0)*-3. Suppose 4*t - 10 = -3*o + 5*o, 2*t - 4*o - j = 0. Suppose 5*u - 5*z = 2*u + 247, 5*u + t*z = 389. Is u a composite number?
False
Let r(c) = c**2 + 4*c + 91. Is r(0) composite?
True
Let v(q) = -q**3 - q**2 - q + 24. Let z be v(0). Let n(i) = 4*i**2 - 4*i - 4. Let g be n(-3). Suppose -2*c + g = -z. Is c a prime number?
False
Let u(v) = 2*v**3 - v**2 - v. Let t be (-3)/(-18)*3*-2. Let a be u(t). Is 272/28 - a/7 a composite number?
True
Let n(z) = -22*z**3 - 6*z**2 + z. Let g(w) = w**2. Let q(d) = 6*g(d) + n(d). Is q(-1) prime?
False
Let f = -30 - -10. Let g = f - -99. Is g prime?
True
Suppose -4*a + 5*a + q - 4 = 0, 4*a = 4*q - 16. Suppose 3*p + 366 = -a*p. Let m = p - -235. Is m a prime number?
True
Let j(s) = -s - 3. Let a be j(-5). Suppose -v + 218 = 3*v + a*y, 2*v - 113 = 3*y. Is v a prime number?
False
Let q = -19 - -42. Is q prime?
True
Suppose -4*g + 2*k - 3*k = 315, 168 = -2*g - 4*k. Let o = g - -129. Is o prime?
False
Suppose 3571 = 4*n - 2*r - r, 5*n = -3*r + 4430. Is n prime?
False
Let h be ((-12)/(-8))/(1/106). Suppose -3*j + h = -0*j. Is j a composite number?
False
Let n = 4 - 4. Suppose -3*d - 2*t + 157 = n, 4*d + 3*t - 5 - 204 = 0. Is d prime?
True
Suppose w + 1263 = 5*g, -392 - 610 = -4*g + 5*w. Is g a composite number?
True
Let m = -13 + 9. Let j(z) be the second derivative of -z**5/20 - 5*z**4/12 - 7*z**3/6 - 5*z**2/2 + 2*z. Is j(m) a prime number?
True
Let d(j) = 11*j + 15. Let l be d(-10). Let z = l - -208. Is z composite?
False
Supp